{"id":114,"date":"2022-03-03T10:55:24","date_gmt":"2022-03-03T10:55:24","guid":{"rendered":"https:\/\/www.zsbiala.type.pl\/wordpress\/?page_id=114"},"modified":"2026-03-27T10:20:07","modified_gmt":"2026-03-27T10:20:07","slug":"deklaracja-dostepnosci-1","status":"publish","type":"page","link":"https:\/\/www.zsbiala.pl\/?page_id=114","title":{"rendered":"Deklaracja dost\u0119pno\u015bci"},"content":{"rendered":"\n<h1 class=\"wp-block-heading\" id=\"a11y-deklaracja\">Deklaracja dost\u0119pno\u015bci Szko\u0142y Podstawowej w Bia\u0142ej<\/h1>\n\n\n\n<p id=\"a11y-wstep\">Szko\u0142a Podstawowa w Bia\u0142ej zobowi\u0105zuje si\u0119 zapewni\u0107 dost\u0119pno\u015b\u0107 swojej strony internetowej zgodnie z przepisami ustawy z dnia 4&nbsp;kwietnia 2019&nbsp;r. o&nbsp;dost\u0119pno\u015bci cyfrowej stron internetowych i&nbsp;aplikacji mobilnych podmiot\u00f3w publicznych. O\u015bwiadczenie w sprawie dost\u0119pno\u015bci ma zastosowanie do strony internetowej <a href=\"https:\/\/www.zsbiala.pl\/\">https:\/\/www.zsbiala.pl\/<\/a><\/p>\n\n\n\n<ul class=\"wp-block-list\">\n<li>Data publikacji strony internetowej: 2011-05-03<\/li>\n\n\n\n<li>Data ostatniej istotnej aktualizacji: 2022-01-06<\/li>\n<\/ul>\n\n\n\n<h2 class=\"wp-block-heading\">Status pod wzgl\u0119dem zgodno\u015bci z ustaw\u0105<\/h2>\n\n\n\n<p>Strona internetowa jest <strong>cz\u0119\u015bciowo zgodna<\/strong> z&nbsp;ustaw\u0105 o&nbsp;dost\u0119pno\u015bci cyfrowej stron internetowych i&nbsp;aplikacji mobilnych podmiot\u00f3w publicznych z&nbsp;powodu niezgodno\u015bci lub wy\u0142\u0105cze\u0144 wymienionych poni\u017cej.<\/p>\n\n\n\n<h3 class=\"wp-block-heading\">Tre\u015bci niedost\u0119pne<\/h3>\n\n\n\n<ul class=\"wp-block-list\">\n<li>&#8211; zamieszczone informacje s\u0105 w postaci artyku\u0142\u00f3w za\u0142\u0105cznik\u00f3w, kt\u00f3re nie s\u0105 dost\u0119pne cyfrowo w ca\u0142o\u015bci, bo zosta\u0142y opublikowane przed wej\u015bciem w \u017cycie ustawy o dost\u0119pno\u015bci cyfrowej lub nie s\u0105 wykorzystywane do realizacji bie\u017c\u0105cych zada\u0144,<\/li>\n\n\n\n<li>&#8211; zamieszczone informacje w postaci za\u0142\u0105cznik\u00f3w s\u0105 w postaci scan\u00f3w z uwagi na charakter informacji jaki jest niezb\u0119dny do publikowania informacji,<\/li>\n\n\n\n<li>&#8211; filmy nie posiadaj\u0105 napis\u00f3w dla os\u00f3b g\u0142uchych i s\u0142abos\u0142ysz\u0105cych,<\/li>\n\n\n\n<li>&#8211; zdj\u0119cia z wydarze\u0144 nie posiadaj\u0105 pe\u0142nych opis\u00f3w alternatywnych<\/li>\n<\/ul>\n\n\n\n<h3 class=\"wp-block-heading\">Wy\u0142\u0105czenia<\/h3>\n\n\n\n<ul class=\"wp-block-list\">\n<li>&#8211; cz\u0119\u015b\u0107 tre\u015bci pochodzi ze strony, kt\u00f3ra zosta\u0142a zaprojektowana przed wej\u015bciem w \u017cycie ustawy o dost\u0119pno\u015bci cyfrowej,<\/li>\n\n\n\n<li>&#8211; mapy s\u0105 wy\u0142\u0105czone z obowi\u0105zku zapewnienia dost\u0119pno\u015bci,<\/li>\n\n\n\n<li>&#8211; administratorzy i redaktorzy dok\u0142adaj\u0105 wszelkich stara\u0144, aby dane zamieszczone na stronie by\u0142y zrozumia\u0142e, lecz poprawienie dost\u0119pno\u015bci strony nios\u0142oby za sob\u0105 nadmierne obci\u0105\u017cenie dla podmiotu publicznego<\/li>\n<\/ul>\n\n\n\n<h3 class=\"wp-block-heading\">Przygotowanie deklaracji w sprawie dost\u0119pno\u015bci<\/h3>\n\n\n\n<ul class=\"wp-block-list\">\n<li>Deklaracj\u0119 sporz\u0105dzono dnia: 2020-09-25<\/li>\n\n\n\n<li>Deklaracj\u0119 zosta\u0142a ostatnio poddana przegl\u0105dowi i aktualizacji dnia: 2026-03-27<\/li>\n<\/ul>\n\n\n\n<h2 class=\"wp-block-heading\">Metoda przygotowania o\u015bwiadczenia<\/h2>\n\n\n\n<p>Deklaracj\u0119 sporz\u0105dzono na podstawie samooceny.<\/p>\n\n\n\n<h2 class=\"wp-block-heading\">U\u0142atwienia na stronie internetowej<\/h2>\n\n\n\n<p>Strona internetowa posiada mo\u017cliwo\u015bci skalowania wielko\u015bci czcionek, aby umo\u017cliwi\u0107 korzystanie osobom s\u0142abowidz\u0105cym, a tak\u017ce wersj\u0119 wysokokontrastowej dla os\u00f3b z zaburzon\u0105 identyfikacj\u0105 kolor\u00f3w. <\/p>\n\n\n\n<h2 class=\"wp-block-heading\" id=\"a11y-kontakt\">Informacje zwrotne i dane kontaktowe<\/h2>\n\n\n\n<ul class=\"wp-block-list\">\n<li>Za rozpatrywanie uwag i wniosk\u00f3w odpowiada: Ma\u0142gorzata Zander-Skwarczy\u0144ska.<\/li>\n\n\n\n<li>E-mail: <a href=\"mailto:dyrektorszkoly2009@gmail.com\">dyrektorszkoly2009@gmail.com<\/a><\/li>\n\n\n\n<li>Telefon: 34 3627476<\/li>\n<\/ul>\n\n\n\n<p id=\"a11y-procedura\">Ka\u017cdy ma prawo:<\/p>\n\n\n\n<ul class=\"wp-block-list\">\n<li>zg\u0142osi\u0107 uwagi dotycz\u0105ce dost\u0119pno\u015bci cyfrowej strony lub jej elementu,<\/li>\n\n\n\n<li>zg\u0142osi\u0107 \u017c\u0105danie zapewnienia dost\u0119pno\u015bci cyfrowej strony lub jej elementu,<\/li>\n\n\n\n<li>wnioskowa\u0107 o udost\u0119pnienie niedost\u0119pnej informacji w innej alternatywnej formie.<\/li>\n<\/ul>\n\n\n\n<p>\u017b\u0105danie musi zawiera\u0107:<\/p>\n\n\n\n<ul class=\"wp-block-list\">\n<li>dane kontaktowe osoby zg\u0142aszaj\u0105cej,<\/li>\n\n\n\n<li>wskazanie strony lub elementu strony, kt\u00f3rej dotyczy \u017c\u0105danie,<\/li>\n\n\n\n<li>wskazanie dogodnej formy udost\u0119pnienia informacji, je\u015bli \u017c\u0105danie dotyczy udost\u0119pnienia w formie alternatywnej informacji niedost\u0119pnej.<\/li>\n<\/ul>\n\n\n\n<p>Rozpatrzenie zg\u0142oszenia powinno nast\u0105pi\u0107 niezw\u0142ocznie, najp\u00f3\u017aniej w ci\u0105gu 7 dni. Je\u015bli w tym terminie zapewnienie dost\u0119pno\u015bci albo zapewnienie dost\u0119pu w alternatywnej formie nie jest mo\u017cliwe, powinno nast\u0105pi\u0107 najdalej w ci\u0105gu 2 miesi\u0119cy od daty zg\u0142oszenia.<\/p>\n\n\n\n<h3 class=\"wp-block-heading\">Skargi i odwo\u0142ania<\/h3>\n\n\n\n<p>Na niedotrzymanie tych termin\u00f3w oraz na odmow\u0119 realizacji \u017c\u0105dania mo\u017cna z\u0142o\u017cy\u0107 skarg\u0119 do organu nadzoruj\u0105cego poczt\u0105 lub drog\u0105 elektroniczn\u0105 na adres:<\/p>\n\n\n\n<ul class=\"wp-block-list\">\n<li>Organ nadzoruj\u0105cy: Dyrektor Szko\u0142y Podstawowej w Bia\u0142ej<\/li>\n\n\n\n<li>Adres: Bia\u0142a, ul. Cz\u0119stochowska 73, 42-125 Kamyk<\/li>\n\n\n\n<li>E-mail: <a href=\"mailto:zswbialej73@op.pl\">zswbialej73@op.pl<\/a><\/li>\n\n\n\n<li>Telefon: 34 3627476<\/li>\n<\/ul>\n\n\n\n<p>Skarg\u0119 mo\u017cna z\u0142o\u017cy\u0107 r\u00f3wnie\u017c do <a href=\"https:\/\/www.rpo.gov.pl\/content\/jak-zglosic-sie-do-rzecznika-praw-obywatelskich\" target=\"_blank\" rel=\"noreferrer noopener\">Rzecznika Praw Obywatelskich<\/a>.<\/p>\n\n\n\n<h2 class=\"wp-block-heading\" id=\"a11y-architektura\">Dost\u0119pno\u015b\u0107 architektoniczna<\/h2>\n\n\n\n<p>Do budynku szko\u0142y prowadzi jedno g\u0142\u00f3wne wej\u015bcie, kt\u00f3re jest dost\u0119pne w godzinach pracy szko\u0142y. Ponadto w\u00a0 budynku szko\u0142y znajduj\u0105 si\u0119 jeszcze dwa wej\u015bcia, kt\u00f3re traktowane s\u0105 jako wyj\u015bcia ewakuacyjne. Informacji przy wej\u015bciu g\u0142\u00f3wnym udziela wyznaczony pracownik obs\u0142ugi.<br>W budynku nie ma wind oaz informacji g\u0142osowych. Drogi ewakuacyjne s\u0105 oznakowane. Budynek szko\u0142y zar\u00f3wno w cz\u0119\u015bci zewn\u0119trznej jak i wewn\u0119trznej nie jest dostosowany do os\u00f3b niepe\u0142nosprawnych poruszaj\u0105cych si\u0119 na w\u00f3zkach inwalidzkich. Na terenie plac\u00f3wki nie ma parkingu\u00a0 z wyznaczonym miejscem postojowym dla pojazd\u00f3w przeznaczonych dla os\u00f3b niepe\u0142nosprawnych. Istnieje mo\u017cliwo\u015b\u0107 po wcze\u015bniejszym um\u00f3wieniu si\u0119 rezerwacji miejsca postojowego dla os\u00f3b niepe\u0142nosprawnych. Dyrektor jednostki wyra\u017ca zgod\u0119 &#8211; w szczeg\u00f3lnie uzasadnionych przypadkach &#8211; na wst\u0119p do plac\u00f3wki osoby niepe\u0142nosprawnej z psem asystuj\u0105cym lub osoby towarzysz\u0105cej osobie niepe\u0142nosprawnej. W szkole nie ma mo\u017cliwo\u015bci skorzystania z t\u0142umacza j\u0119zyka migowego, brak oznacze\u0144 w alfabecie Braille&#8217;a, oznacze\u0144 kontrastowych lub w druku powi\u0119kszonym dla os\u00f3b s\u0142abowidz\u0105cych\u00a0 \u00a0<\/p>\n\n\n\n<p><strong>Informacja o dost\u0119pno\u015bci t\u0142umacza j\u0119zyka migowego<\/strong><\/p>\n\n\n\n<p>Szko\u0142a nie posiada t\u0142umacza j\u0119zyka migowego.<\/p>\n","protected":false},"excerpt":{"rendered":"<p>Deklaracja dost\u0119pno\u015bci Szko\u0142y Podstawowej w Bia\u0142ej Szko\u0142a Podstawowa w Bia\u0142ej zobowi\u0105zuje si\u0119 zapewni\u0107 dost\u0119pno\u015b\u0107 swojej strony internetowej zgodnie z przepisami ustawy z dnia 4&nbsp;kwietnia 2019&nbsp;r. o&nbsp;dost\u0119pno\u015bci cyfrowej stron internetowych i&nbsp;aplikacji mobilnych podmiot\u00f3w publicznych. O\u015bwiadczenie w sprawie dost\u0119pno\u015bci ma zastosowanie do &hellip; <a href=\"https:\/\/www.zsbiala.pl\/?page_id=114\">Czytaj dalej <span class=\"meta-nav\">&rarr;<\/span><\/a><\/p>\n","protected":false},"author":1,"featured_media":0,"parent":0,"menu_order":0,"comment_status":"closed","ping_status":"closed","template":"","meta":{"footnotes":""},"class_list":["post-114","page","type-page","status-publish","hentry"],"_links":{"self":[{"href":"https:\/\/www.zsbiala.pl\/index.php?rest_route=\/wp\/v2\/pages\/114","targetHints":{"allow":["GET"]}}],"collection":[{"href":"https:\/\/www.zsbiala.pl\/index.php?rest_route=\/wp\/v2\/pages"}],"about":[{"href":"https:\/\/www.zsbiala.pl\/index.php?rest_route=\/wp\/v2\/types\/page"}],"author":[{"embeddable":true,"href":"https:\/\/www.zsbiala.pl\/index.php?rest_route=\/wp\/v2\/users\/1"}],"replies":[{"embeddable":true,"href":"https:\/\/www.zsbiala.pl\/index.php?rest_route=%2Fwp%2Fv2%2Fcomments&post=114"}],"version-history":[{"count":8,"href":"https:\/\/www.zsbiala.pl\/index.php?rest_route=\/wp\/v2\/pages\/114\/revisions"}],"predecessor-version":[{"id":3310,"href":"https:\/\/www.zsbiala.pl\/index.php?rest_route=\/wp\/v2\/pages\/114\/revisions\/3310"}],"wp:attachment":[{"href":"https:\/\/www.zsbiala.pl\/index.php?rest_route=%2Fwp%2Fv2%2Fmedia&parent=114"}],"curies":[{"name":"wp","href":"https:\/\/api.w.org\/{rel}","templated":true}]}}