{"id":116,"date":"2022-03-03T10:56:50","date_gmt":"2022-03-03T10:56:50","guid":{"rendered":"https:\/\/www.zsbiala.type.pl\/wordpress\/?page_id=116"},"modified":"2023-03-30T09:15:15","modified_gmt":"2023-03-30T09:15:15","slug":"wybieram-zawod","status":"publish","type":"page","link":"https:\/\/www.zsbiala.pl\/?page_id=116","title":{"rendered":"Wybieram zaw\u00f3d"},"content":{"rendered":"\n<h2 class=\"wp-block-heading\">Informator o szkolnictwie ponadpodstawowym na terenie Cz\u0119stochowy i powiat\u00f3w cz\u0119stochowskiego, k\u0142obuckiego, lublinieckiego, myszkowskiego (rok szkolny 2023\/2024) znajduje si\u0119 pod adresem:<\/h2>\n\n\n\n<h2 class=\"wp-block-heading\"><a href=\"https:\/\/www.womczest.edu.pl\/wybieram-szkole\/index.html\">https:\/\/www.womczest.edu.pl\/wybieram-szkole\/index.html<\/a><\/h2>\n","protected":false},"excerpt":{"rendered":"<p>Informator o szkolnictwie ponadpodstawowym na terenie Cz\u0119stochowy i powiat\u00f3w cz\u0119stochowskiego, k\u0142obuckiego, lublinieckiego, myszkowskiego (rok szkolny 2023\/2024) znajduje si\u0119 pod adresem: https:\/\/www.womczest.edu.pl\/wybieram-szkole\/index.html<\/p>\n","protected":false},"author":1,"featured_media":0,"parent":0,"menu_order":0,"comment_status":"closed","ping_status":"closed","template":"","meta":{"footnotes":""},"class_list":["post-116","page","type-page","status-publish","hentry"],"_links":{"self":[{"href":"https:\/\/www.zsbiala.pl\/index.php?rest_route=\/wp\/v2\/pages\/116","targetHints":{"allow":["GET"]}}],"collection":[{"href":"https:\/\/www.zsbiala.pl\/index.php?rest_route=\/wp\/v2\/pages"}],"about":[{"href":"https:\/\/www.zsbiala.pl\/index.php?rest_route=\/wp\/v2\/types\/page"}],"author":[{"embeddable":true,"href":"https:\/\/www.zsbiala.pl\/index.php?rest_route=\/wp\/v2\/users\/1"}],"replies":[{"embeddable":true,"href":"https:\/\/www.zsbiala.pl\/index.php?rest_route=%2Fwp%2Fv2%2Fcomments&post=116"}],"version-history":[{"count":4,"href":"https:\/\/www.zsbiala.pl\/index.php?rest_route=\/wp\/v2\/pages\/116\/revisions"}],"predecessor-version":[{"id":2506,"href":"https:\/\/www.zsbiala.pl\/index.php?rest_route=\/wp\/v2\/pages\/116\/revisions\/2506"}],"wp:attachment":[{"href":"https:\/\/www.zsbiala.pl\/index.php?rest_route=%2Fwp%2Fv2%2Fmedia&parent=116"}],"curies":[{"name":"wp","href":"https:\/\/api.w.org\/{rel}","templated":true}]}}