{"id":53,"date":"2022-02-20T15:27:43","date_gmt":"2022-02-20T15:27:43","guid":{"rendered":"https:\/\/www.zsbiala.type.pl\/wordpress\/?page_id=53"},"modified":"2022-12-19T12:50:28","modified_gmt":"2022-12-19T12:50:28","slug":"dni-wolne","status":"publish","type":"page","link":"https:\/\/www.zsbiala.pl\/?page_id=53","title":{"rendered":"Dodatkowe dni wolne"},"content":{"rendered":"\n<pre class=\"wp-block-preformatted\"><strong>Zarz\u0105dzenie Dyrektora Szko\u0142y nr 14\/2022 z dnia 30.09.2022<\/strong><\/pre>\n\n\n\n<p><strong>w sprawie ustalenia dodatkowych dni wolnych od zaj\u0119\u0107 dydaktyczno-wychowawczych<\/strong><\/p>\n\n\n\n<p>Na podstawie art.68 ust. 1 Ustawy z dnia 14 grudnia 2016 r. Prawo o\u015bwiatowe (Dz.U. r. 2021 poz. 1082) oraz Rozporz\u0105dzenia Ministra Edukacji Narodowej z dnia 11 sierpnia 2017 r. w sprawie organizacji roku szkolnego (Dz.U. Poz. 1603 oraz z 2019 r. poz. 318<br>i 1093) zarz\u0105dzam, co nast\u0119puje:<\/p>\n\n\n\n<p><strong>\u00a7 1<\/strong><\/p>\n\n\n\n<p>Ustalam dodatkowe dni wolne od zaj\u0119\u0107 dydaktyczno-wychowawczych w roku szkolnym 2022\/2023:<\/p>\n\n\n\n<p>1. 31 pa\u017adziernika 2022 r.<br>2. 02 listopada 2022 r.<br>3. 12 kwietnia 2023 r.<br>4. 02 maja 2023 r.<br>5. 23 maja 2023 r. (egzamin \u00f3smoklasisty)<br>6. 24 maja 2023 r. (egzamin \u00f3smoklasisty)<br>7. 25 maja 2023 r. (egzamin \u00f3smoklasisty)<br>8. 09 czerwca 2023 r.<\/p>\n\n\n\n<p><strong>\u00a7 2<\/strong><\/p>\n\n\n\n<p>Dodatkowe dni wolne od zaj\u0119\u0107 dydaktyczno \u2013 wychowawczych dla uczni\u00f3w zosta\u0142y ustalone po zaopiniowaniu propozycji przez Rad\u0119 Pedagogiczn\u0105, Rad\u0119 Rodzic\u00f3w oraz Samorz\u0105d Uczniowski Szko\u0142y Podstawowej w Bia\u0142ej.<\/p>\n\n\n\n<p><strong>\u00a7 3<\/strong><\/p>\n\n\n\n<p>W tych dniach uczniowie mog\u0105 skorzysta\u0107 z zaj\u0119\u0107 opieku\u0144czych zorganizowanych na \u015bwietlicy szkolnej.<\/p>\n\n\n\n<p><strong>\u00a7 4<\/strong><\/p>\n\n\n\n<p>Zarz\u0105dzenie wchodzi w \u017cycie z dniem podpisania.<\/p>\n","protected":false},"excerpt":{"rendered":"<p>Zarz\u0105dzenie Dyrektora Szko\u0142y nr 14\/2022 z dnia 30.09.2022 w sprawie ustalenia dodatkowych dni wolnych od zaj\u0119\u0107 dydaktyczno-wychowawczych Na podstawie art.68 ust. 1 Ustawy z dnia 14 grudnia 2016 r. Prawo o\u015bwiatowe (Dz.U. r. 2021 poz. 1082) oraz Rozporz\u0105dzenia Ministra Edukacji &hellip; <a href=\"https:\/\/www.zsbiala.pl\/?page_id=53\">Czytaj dalej <span class=\"meta-nav\">&rarr;<\/span><\/a><\/p>\n","protected":false},"author":1,"featured_media":0,"parent":0,"menu_order":0,"comment_status":"closed","ping_status":"closed","template":"","meta":{"footnotes":""},"class_list":["post-53","page","type-page","status-publish","hentry"],"_links":{"self":[{"href":"https:\/\/www.zsbiala.pl\/index.php?rest_route=\/wp\/v2\/pages\/53","targetHints":{"allow":["GET"]}}],"collection":[{"href":"https:\/\/www.zsbiala.pl\/index.php?rest_route=\/wp\/v2\/pages"}],"about":[{"href":"https:\/\/www.zsbiala.pl\/index.php?rest_route=\/wp\/v2\/types\/page"}],"author":[{"embeddable":true,"href":"https:\/\/www.zsbiala.pl\/index.php?rest_route=\/wp\/v2\/users\/1"}],"replies":[{"embeddable":true,"href":"https:\/\/www.zsbiala.pl\/index.php?rest_route=%2Fwp%2Fv2%2Fcomments&post=53"}],"version-history":[{"count":4,"href":"https:\/\/www.zsbiala.pl\/index.php?rest_route=\/wp\/v2\/pages\/53\/revisions"}],"predecessor-version":[{"id":814,"href":"https:\/\/www.zsbiala.pl\/index.php?rest_route=\/wp\/v2\/pages\/53\/revisions\/814"}],"wp:attachment":[{"href":"https:\/\/www.zsbiala.pl\/index.php?rest_route=%2Fwp%2Fv2%2Fmedia&parent=53"}],"curies":[{"name":"wp","href":"https:\/\/api.w.org\/{rel}","templated":true}]}}