{"id":57,"date":"2022-02-20T15:28:33","date_gmt":"2022-02-20T15:28:33","guid":{"rendered":"https:\/\/www.zsbiala.type.pl\/wordpress\/?page_id=57"},"modified":"2024-03-04T16:57:06","modified_gmt":"2024-03-04T16:57:06","slug":"rekrutacja-2021-2022","status":"publish","type":"page","link":"https:\/\/www.zsbiala.pl\/?page_id=57","title":{"rendered":"Rekrutacja 2024\/2025"},"content":{"rendered":"\n<p>Zarz\u0105dzenie Burmistrza K\u0142obucka &#8211; <a rel=\"noreferrer noopener\" href=\"https:\/\/www.zsbiala.pl\/wp-content\/uploads\/2024\/03\/20240115075743954.pdf\" target=\"_blank\">pobierz<\/a><\/p>\n\n\n\n<p>Uchwa\u0142a Rady Miejskiej w K\u0142obucku &#8211; <a href=\"https:\/\/www.zsbiala.pl\/wp-content\/uploads\/2024\/03\/3_uchwala_302_XXXI_2017-1.pdf\" target=\"_blank\" rel=\"noreferrer noopener\">pobierz<\/a><\/p>\n\n\n\n<p><strong>REKRUTACJA\u00a0 &#8211;\u00a0 PRZEDSZKOLE<\/strong><\/p>\n\n\n\n<p>Informacja o rekrutacji do przedszkola &#8211; <a href=\"https:\/\/www.zsbiala.pl\/wp-content\/uploads\/2024\/03\/1_Informacja_Rekrutacja-do-przedszkoli-1.docx\" target=\"_blank\" rel=\"noreferrer noopener\">pobierz<\/a><\/p>\n\n\n\n<p>Wniosek o przyj\u0119cie dziecka do przedszkola z o\u015bwiadczeniami &#8211; <a href=\"https:\/\/www.zsbiala.pl\/wp-content\/uploads\/2024\/03\/2_Wniosek-o-przyjecie-do-przedszkola-z-oswiadczeniami-1.doc\" target=\"_blank\" rel=\"noreferrer noopener\">pobierz<\/a><\/p>\n\n\n\n<p><strong>REKRUTACJA &#8211; KLASA I<\/strong><\/p>\n\n\n\n<p>Wniosek o przyj\u0119cie dziecka do klasy pierwszej z o\u015bwiadczeniami &#8211; <a href=\"https:\/\/www.zsbiala.pl\/wp-content\/uploads\/2024\/03\/3_Wniosek-o-przyjecie-dziecka-do-klasy-I-szkoly-podstawowej.doc\" target=\"_blank\" rel=\"noreferrer noopener\">pobierz<\/a><\/p>\n\n\n\n<p>Zg\u0142oszenie kandydata do klasy pierwszej &#8211; <a href=\"https:\/\/www.zsbiala.pl\/wp-content\/uploads\/2024\/03\/2_Wzor-zgloszenia-do-klasy-I-szkoly-podstawowej.doc\" target=\"_blank\" rel=\"noreferrer noopener\">pobierz<\/a><\/p>\n\n\n\n<p style=\"font-size:15px\"><\/p>\n\n\n\n<p><\/p>\n","protected":false},"excerpt":{"rendered":"<p>Zarz\u0105dzenie Burmistrza K\u0142obucka &#8211; pobierz Uchwa\u0142a Rady Miejskiej w K\u0142obucku &#8211; pobierz REKRUTACJA\u00a0 &#8211;\u00a0 PRZEDSZKOLE Informacja o rekrutacji do przedszkola &#8211; pobierz Wniosek o przyj\u0119cie dziecka do przedszkola z o\u015bwiadczeniami &#8211; pobierz REKRUTACJA &#8211; KLASA I Wniosek o przyj\u0119cie dziecka &hellip; <a href=\"https:\/\/www.zsbiala.pl\/?page_id=57\">Czytaj dalej <span class=\"meta-nav\">&rarr;<\/span><\/a><\/p>\n","protected":false},"author":1,"featured_media":0,"parent":0,"menu_order":0,"comment_status":"closed","ping_status":"closed","template":"","meta":{"footnotes":""},"class_list":["post-57","page","type-page","status-publish","hentry"],"_links":{"self":[{"href":"https:\/\/www.zsbiala.pl\/index.php?rest_route=\/wp\/v2\/pages\/57","targetHints":{"allow":["GET"]}}],"collection":[{"href":"https:\/\/www.zsbiala.pl\/index.php?rest_route=\/wp\/v2\/pages"}],"about":[{"href":"https:\/\/www.zsbiala.pl\/index.php?rest_route=\/wp\/v2\/types\/page"}],"author":[{"embeddable":true,"href":"https:\/\/www.zsbiala.pl\/index.php?rest_route=\/wp\/v2\/users\/1"}],"replies":[{"embeddable":true,"href":"https:\/\/www.zsbiala.pl\/index.php?rest_route=%2Fwp%2Fv2%2Fcomments&post=57"}],"version-history":[{"count":19,"href":"https:\/\/www.zsbiala.pl\/index.php?rest_route=\/wp\/v2\/pages\/57\/revisions"}],"predecessor-version":[{"id":2823,"href":"https:\/\/www.zsbiala.pl\/index.php?rest_route=\/wp\/v2\/pages\/57\/revisions\/2823"}],"wp:attachment":[{"href":"https:\/\/www.zsbiala.pl\/index.php?rest_route=%2Fwp%2Fv2%2Fmedia&parent=57"}],"curies":[{"name":"wp","href":"https:\/\/api.w.org\/{rel}","templated":true}]}}